on factor of 22 and g.
11
Let y be ((-4)/(-2) - 0) + -50. Let g be 2/(-10) - y/15. What is the greatest common factor of 1 and g?
1
Let k(i) = -6*i - 10. Let q be k(-4). What is the highest common factor of 70 and q?
14
Let v(n) = -n**3 + 9*n**2 - 9*n - 8. Suppose -k - 14 = -3*k. Let p be v(k). Suppose p = q + 2*q. What is the greatest common factor of 9 and q?
9
Let j be (-1)/3 - 80/(-15). Suppose a - 6*n = -3*n + 44, -2*a + j*n = -84. Calculate the highest common factor of a and 48.
16
Let i(s) = 20*s + 10. Let z be i(5). Calculate the highest common factor of 22 and z.
22
Suppose 0 = -2*q - 2*q + 16, -o + 4*q + 9 = 0. Calculate the highest common factor of 100 and o.
25
Let j(b) = b**2 - 7*b - 7. Let u be j(8). Let l(i) = -2*i - 4 + 3 - u. Let z be l(-7). Calculate the highest common divisor of z and 60.
12
Let b = 10 + -8. Suppose 19 + 13 = -b*r. Let d = -8 - r. Calculate the greatest common factor of 1 and d.
1
Suppose 2*q = -0*q - n + 12, 4 = -4*q + 5*n. What is the highest common factor of 20 and q?
4
Let x(a) = -a**3 + 11*a**2 + a - 14. Let j be x(11). Let b = 2 - j. Suppose 53 + 5 = 3*p - b*l, p = -4*l + 8. What is the highest common factor of 8 and p?
8
Suppose 6*d - 3*d - 17 = -2*u, -4*u = -4*d + 56. Let h(z) = -z + 5. Let f be h(d). Let c be 22/18 - f/(-18). Calculate the highest common factor of 2 and c.
1
Suppose -4*o + 589 = 2*g + 105, -5*g - 110 = -o. Let a = -21 - -45. Calculate the greatest common factor of a and o.
24
Let v = -304 - -479. Suppose 5*a - v = -0*a. Let n(r) = 5*r - 3. Let q be n(2). What is the greatest common divisor of q and a?
7
Let d be (-2 + 2 + 20)*1. Let r be (6/(-12))/((-2)/d). Suppose 0 = -3*l - 3*i + 45, -5*l + r*i + 13 + 12 = 0. Calculate the highest common divisor of l and 90.
10
Let k = -21 + 31. Suppose -5*r = -5*b + k, b - 5 = 4*r + 6. Let c = r + 9. Calculate the highest common divisor of 24 and c.
6
Let b(c) = 5*c. Let q be b(4). Let a = -8 + q. Calculate the greatest common factor of a and 96.
12
Let m(d) = -d**3 - 8*d**2 + 15. Let c be m(-8). Suppose 3*y - 2*y = 30. Calculate the highest common factor of c and y.
15
Let f = 33 - -87. What is the greatest common factor of f and 12?
12
Suppose -3*a + 250 + 65 = 0. Suppose -3*k = 2*k - a. What is the highest common factor of k and 14?
7
Let k be ((-3)/(-2))/((-2)/(-8)). Suppose k = 3*u - 0. Calculate the greatest common factor of 16 and u.
2
Let z(l) = -l**2 - 4*l + 2. Let s be z(-4). Suppose 4*r - 6 = -s. Suppose d - 39 = r. Calculate the greatest common divisor of 20 and d.
20
Suppose 3*u - 9*u = -1680. What is the greatest common factor of 40 and u?
40
Suppose 21 = 3*r - 6*r. Let l be (-48)/8*r/3. What is the highest common divisor of l and 14?
14
Let d be (-4 - -1) + 10 + -7 + 336. What is the greatest common factor of 48 and d?
48
Suppose 0 = 5*x + 5 - 85. What is the highest common factor of 32 and x?
16
Let p(d) = -8*d**3 - d + 2. Let u be p(-2). What is the greatest common divisor of u and 51?
17
Let i be (15/6)/((-3)/(-108)). What is the highest common factor of i and 30?
30
Let h(u) = u - 4. Let n be h(6). Let d be (0 + 7/n)*4. Calculate the highest common divisor of 14 and d.
14
Let k(v) = -v**2 - 8*v + 1. Let b be k(-6). Let o = 147 - 134. Calculate the greatest common factor of o and b.
13
Suppose 0 = 3*f - 1 - 23. What is the highest common divisor of f and 64?
8
Let q = -130 - -198. What is the highest common factor of q and 17?
17
Let q(i) = -i**3 - 3*i**2 + 7*i - 2. Let j be q(-5). Suppose 3*v = 47 + j. Calculate the highest common factor of 4 and v.
4
Suppose -5*o + 4*o - 105 = -3*y, 0 = y - 2*o - 30. What is the highest common divisor of y and 24?
12
Let m be 7/3 + (-8)/6. Calculate the highest common divisor of m and 7.
1
Suppose -8*f = -202 - 54. Suppose -5*q = -q + 28. Let k = q + 11. What is the highest common factor of f and k?
4
Suppose 5 + 1 = 2*g. Suppose g*s + s = -5*w + 329, 2*w = -3*s + 245. Let n = 111 + -102. Calculate the greatest common divisor of n and s.
9
Suppose 8 = -5*d + 28. Suppose -3*s + 28 = -a + 3*a, d*s = 5*a + 45. What is the greatest common divisor of 2 and s?
2
Let q = -128 - -203. Let w be (-1)/(((-6)/100)/3). What is the greatest common factor of w and q?
25
Suppose 0 = -23*y + 27*y - 192. What is the highest common divisor of 120 and y?
24
Let x be (-2)/(-1) + (200 - 2). What is the greatest common factor of x and 40?
40
Let y(i) = 12*i**2 - 3*i - 4. Suppose 4 = 3*v - 5. Let z = 7 - v. Let m be y(z). What is the greatest common factor of m and 16?
16
Let t(y) = y**2 - 15*y + 13. Let a be t(14). Let k be 1 + a + 8 + -3. What is the highest common divisor of 2 and k?
1
Let o be ((-12)/(-10))/((-14)/(-420)). Suppose -40 = -3*i - 2*l - 7, -3*i - l = -o. Calculate the greatest common factor of i and 104.
13
Suppose 25 = -0*f + 5*f. Suppose -5*x + 0 - 4 = -2*b, -5*x = f*b + 60. Let c = -4 - b. What is the highest common factor of c and 44?
4
Let f(h) = -h + 1. Let r(q) = -19*q**2 - 1. Let i(w) = -3*f(w) - r(w). Let v be i(2). Calculate the highest common factor of v and 20.
20
Let q = 33 + -20. Let y be ((-2)/1 - -3)*11. Suppose -q = -2*v + y. What is the greatest common factor of 60 and v?
12
Let i(z) = 2*z**2 - 10. Let a be i(-5). What is the greatest common divisor of 16 and a?
8
Let x(n) = 8*n**3 + 3*n**2 + 3*n + 2. Let y be x(-2). Let t = y + 26. Let b be (0 - t) + 1 + -3. What is the highest common factor of b and 7?
7
Let y(z) = -z**2 - 21*z - 13. Let b be y(-20). Suppose -g - 3*g + 56 = 0. What is the greatest common divisor of g and b?
7
Let z(j) = 15*j**2 - 1. Let a be z(1). Let m(q) = q**2 + 5. Let y be m(-5). Let u = 5 + y. What is the greatest common divisor of a and u?
7
Let b = -116 - -204. What is the highest common divisor of b and 8?
8
Suppose -1286 = -3*n - 5*j, -4*n - 4*j + 2748 - 1028 = 0. Let x be (2/(-4))/((-12)/n). What is the highest common factor of x and 18?
18
Let w be 2/(-5) - (-36)/15. Suppose -v = -4*v. Suppose g - 9 = -2*q - 2*q, q - 2*g = v. Calculate the highest common factor of q and w.
2
Let z be (-11 + 1)*(-18)/10. Calculate the highest common divisor of z and 72.
18
Let t(d) = -d**2 + 7*d + 10. Let v be t(7). Let r(w) = 31*w**3 - w. Let u be r(1). Let z = u + 10. Calculate the greatest common divisor of z and v.
10
Suppose 5*f = 2*g - 177, -4*g - f - 3*f + 396 = 0. Calculate the highest common divisor of g and 6.
6
Let f(j) = -j + 14. Let v be f(7). Suppose -525 = -v*g + 2*g. Suppose 0 = -3*i + 6 + 57. What is the highest common divisor of i and g?
21
Let r = -5 + 10. Let v = r + -3. Suppose -10 = -v*a + a. Calculate the greatest common divisor of a and 4.
2
Suppose 0 = -2*a + 5*m - 0*m - 12, 2*a + m = 0. Let c = 1 - a. Suppose c*l = -l + 108. What is the greatest common divisor of l and 12?
12
Let j(a) = -6*a - 21. Let t be j(-6). What is the greatest common factor of t and 15?
15
Let k = 27 - 5. Suppose 16 = -w + 5*c, 15 = -0*w - w + 4*c. Let l = 22 + w. Calculate the highest common divisor of l and k.
11
Suppose 0 = -3*n + 2*f - 1419, 0 = -0*n + 3*n + f + 1428. Let a = -335 - n. Let p = a - 100. What is the highest common divisor of 4 and p?
4
Let q be (-79 - 2)/(-1) + 0. Let r = -36 + 45. Calculate the greatest common factor of r and q.
9
Suppose -222 = -3*b + 5*n, -n = 4*b + 4*n - 261. What is the highest common divisor of 23 and b?
23
Suppose 3*y - 21 = 4*t - 324, 2*y = -t + 62. What is the greatest common factor of 18 and t?
18
Suppose -31 = -3*v - 13. Suppose -m + 33 = c, -2*m - v - 64 = -2*c. What is the highest common divisor of c and 85?
17
Let j be ((-16)/(-20))/(2/(-10)). Let r = 36 + j. Let c(n) = n**3 - 2*n**2 + 3*n - 2. Let a be c(2). What is the greatest common factor of a and r?
4
Let d = -49 - -19. Suppose -3*r - 4*p - 21 = -p, -9 = -3*p. Let n = r - d. What is the highest common divisor of 5 and n?
5
Suppose 0 = l + 1 - 3. Suppose 0 = -n + l*o + 23, 2*n - 5*o + 20 = 66. Let t = -13 + n. Calculate the highest common divisor of 60 and t.
10
Let f(m) = m**2 + 4*m + 4. Let b be f(-5). Suppose -100 = 8*s - 388. What is the highest common factor of s and b?
9
Suppose -7*j = -2*j + 3*s + 10, -8 = 4*j - 3*s. Let d be (j/2)/1 - -6. Calculate the greatest common divisor of d and 55.
5
Let j be (8/2)/((-6)/(-9)). What is the highest common divisor of